{"id":1686,"date":"2023-01-19T11:05:11","date_gmt":"2023-01-19T09:05:11","guid":{"rendered":"http:\/\/dcd.uaic.ro\/?page_id=1686"},"modified":"2025-11-18T08:55:48","modified_gmt":"2025-11-18T06:55:48","slug":"android","status":"publish","type":"page","link":"https:\/\/dcd.uaic.ro\/?page_id=1686","title":{"rendered":"Android"},"content":{"rendered":"\t\t<div data-elementor-type=\"wp-page\" data-elementor-id=\"1686\" class=\"elementor elementor-1686\">\n\t\t\t\t\t\t<section class=\"elementor-section elementor-top-section elementor-element elementor-element-7bd0351 elementor-section-boxed elementor-section-height-default elementor-section-height-default\" data-id=\"7bd0351\" data-element_type=\"section\">\n\t\t\t\t\t\t<div class=\"elementor-container elementor-column-gap-default\">\n\t\t\t\t\t<div class=\"elementor-column elementor-col-100 elementor-top-column elementor-element elementor-element-bf73c3f\" data-id=\"bf73c3f\" data-element_type=\"column\">\n\t\t\t<div class=\"elementor-widget-wrap elementor-element-populated\">\n\t\t\t\t\t\t<div class=\"elementor-element elementor-element-5871ad0 elementor-widget elementor-widget-heading\" data-id=\"5871ad0\" data-element_type=\"widget\" data-widget_type=\"heading.default\">\n\t\t\t\t<div class=\"elementor-widget-container\">\n\t\t\t\t\t<h2 class=\"elementor-heading-title elementor-size-default\">Tutorialul este realizat ava\u0302nd ca baza\u0306 un sistem de operare Android versiunea 12<\/h2>\t\t\t\t<\/div>\n\t\t\t\t<\/div>\n\t\t\t\t\t<\/div>\n\t\t<\/div>\n\t\t\t\t\t<\/div>\n\t\t<\/section>\n\t\t\t\t<section class=\"elementor-section elementor-top-section elementor-element elementor-element-210146c3 elementor-section-boxed elementor-section-height-default elementor-section-height-default\" data-id=\"210146c3\" data-element_type=\"section\">\n\t\t\t\t\t\t<div class=\"elementor-container elementor-column-gap-default\">\n\t\t\t\t\t<div class=\"elementor-column elementor-col-100 elementor-top-column elementor-element elementor-element-3d3e8c24\" data-id=\"3d3e8c24\" data-element_type=\"column\">\n\t\t\t<div class=\"elementor-widget-wrap elementor-element-populated\">\n\t\t\t\t\t\t<div class=\"elementor-element elementor-element-21b2beb2 elementor-widget elementor-widget-text-editor\" data-id=\"21b2beb2\" data-element_type=\"widget\" data-widget_type=\"text-editor.default\">\n\t\t\t\t<div class=\"elementor-widget-container\">\n\t\t\t\t\t\t\t\t\t<div class=\"page\" title=\"Page 1\"><div class=\"layoutArea\"><div class=\"column\"><div class=\"page\" title=\"Page 1\"><div class=\"layoutArea\"><div class=\"column\"><h4 style=\"text-align: center;\">\u00a0<\/h4><p style=\"text-align: justify;\"><b>Dac\u0103 face\u0163i parte dintr-o institu\u0163ie afiliat\u0103 EDUROAM \u0219i ave\u0163i un cont \u00een cadrul acesteia, v\u0103 pute\u0163i conecta la re\u0163eaua wireless a Universit\u0103\u0163ii &#8220;Alexandru Ioan Cuza&#8221;.<\/b><\/p><p style=\"text-align: justify;\"><strong><br \/>Observa\u021bie:<\/strong> Utilizatorii care au deja un cont \u0219i o parol\u0103 de acces \u00een re\u021bea vor trece direct la <b>pasul II.<\/b><\/p><p style=\"text-align: justify;\"><span style=\"color: #ff00ff;\"><strong>Pasul I<\/strong><\/span><\/p><ul><li>trebuie s\u0103 completa\u021bi formularul specific categoriei din care face\u021bi parte:<ul><li style=\"list-style-type: none;\"><ul><li style=\"list-style-type: none;\"><ul><li><a href=\"https:\/\/register.uaic.ro\/prof-register\/index.php\">formular pentru angaja\u021bi;<\/a><\/li><li><a href=\"https:\/\/register.uaic.ro\/stud-register\/index.php\">formular studen\u021bi;<\/a><\/li><li><a href=\"https:\/\/register.uaic.ro\/guest-register\/index.php\">formular oaspe\u021bi.<\/a><\/li><\/ul><\/li><\/ul><\/li><\/ul><\/li><\/ul><p style=\"text-align: justify;\"><span style=\"color: #ff0000;\">Aten\u021bie !!! Complet\u00e2nd formularul de \u00eenregistrare, declara\u021bi c\u0103 sunte\u021bi de acord cu <a style=\"color: #ff0000;\" href=\"https:\/\/dcd.uaic.ro\/?page_id=3342\" target=\"_blank\" rel=\"noopener\">Politica de Securitate<\/a> \u0219i <a style=\"color: #ff0000;\" href=\"https:\/\/dcd.uaic.ro\/?page_id=3342\" target=\"_blank\" rel=\"noopener\">Planul de Securitate<\/a> ale Universit\u0103\u021bii &#8220;Alexandru Ioan Cuza&#8221;.<\/span><\/p><p><strong>Dup\u0103 ce datele au fost prelucrate \u0219i a\u021bi ob\u021binut numele de utilizator (\u00een general, acesta este de forma prenume.nume), pute\u021bi trece la setarea conexiunii wireless, astfel:<\/strong><\/p><\/div><p style=\"text-align: justify;\"><span style=\"color: #ff00ff;\"><strong>Pasul II<\/strong><\/span><\/p><ul><li>Scana\u021bi si instala\u021bi profilul din codul QR:<\/li><\/ul><p><img fetchpriority=\"high\" decoding=\"async\" class=\"alignnone size-medium wp-image-5039\" src=\"https:\/\/dcd.uaic.ro\/wp-content\/uploads\/2024\/10\/qr-eduroam-300x300.jpg\" alt=\"\" width=\"300\" height=\"300\" srcset=\"https:\/\/dcd.uaic.ro\/wp-content\/uploads\/2024\/10\/qr-eduroam-300x300.jpg 300w, https:\/\/dcd.uaic.ro\/wp-content\/uploads\/2024\/10\/qr-eduroam-150x150.jpg 150w, https:\/\/dcd.uaic.ro\/wp-content\/uploads\/2024\/10\/qr-eduroam.jpg 588w\" sizes=\"(max-width: 300px) 100vw, 300px\" \/><\/p><ul><li>sau accesa\u021bi \u0219i instala\u021bi profilul din urm\u0103torul link:<\/li><\/ul><p style=\"padding-left: 40px;\"><strong><a href=\"https:\/\/cat.eduroam.org\/?idp=7089&amp;profile=12920\">https:\/\/cat.eduroam.org\/?idp=7089&amp;profile=12920<\/a><\/strong><\/p><div class=\"column\"><p>Dac\u0103 nu pute\u021bi urma instruc\u021biunile din\u00a0 <strong><span style=\"color: #ff00ff;\">Pasul II<\/span><\/strong>, pute\u021bi configura manual:<\/p><\/div><\/div><\/div><\/div><\/div><\/div>\t\t\t\t\t\t\t\t<\/div>\n\t\t\t\t<\/div>\n\t\t\t\t\t<\/div>\n\t\t<\/div>\n\t\t\t\t\t<\/div>\n\t\t<\/section>\n\t\t\t\t<section class=\"elementor-section elementor-top-section elementor-element elementor-element-b4ad36e elementor-section-boxed elementor-section-height-default elementor-section-height-default\" data-id=\"b4ad36e\" data-element_type=\"section\">\n\t\t\t\t\t\t<div class=\"elementor-container elementor-column-gap-default\">\n\t\t\t\t\t<div class=\"elementor-column elementor-col-100 elementor-top-column elementor-element elementor-element-c3e3f81\" data-id=\"c3e3f81\" data-element_type=\"column\">\n\t\t\t<div class=\"elementor-widget-wrap elementor-element-populated\">\n\t\t\t\t\t\t<div class=\"elementor-element elementor-element-7fd4f3f elementor-widget elementor-widget-video\" data-id=\"7fd4f3f\" data-element_type=\"widget\" data-settings=\"{&quot;video_type&quot;:&quot;hosted&quot;,&quot;loop&quot;:&quot;yes&quot;,&quot;controls&quot;:&quot;yes&quot;}\" data-widget_type=\"video.default\">\n\t\t\t\t<div class=\"elementor-widget-container\">\n\t\t\t\t\t\t\t<div class=\"e-hosted-video elementor-wrapper elementor-open-inline\">\n\t\t\t\t\t<video class=\"elementor-video\" src=\"https:\/\/dcd.uaic.ro\/wp-content\/uploads\/2022\/11\/Android-eduroam.mp4\" loop=\"\" controls=\"\" preload=\"metadata\" controlsList=\"nodownload\" poster=\"https:\/\/dcd-new.uaic.ro\/wp-content\/uploads\/2022\/11\/android-eduroan.png\"><\/video>\n\t\t\t\t<\/div>\n\t\t\t\t\t\t<\/div>\n\t\t\t\t<\/div>\n\t\t\t\t\t<\/div>\n\t\t<\/div>\n\t\t\t\t\t<\/div>\n\t\t<\/section>\n\t\t\t\t<\/div>\n\t\t<div class=\"gsp_post_data\" data-post_type=\"page\" data-cat=\"\" data-modified=\"120\" data-title=\"Android\" data-home=\"https:\/\/dcd.uaic.ro\"><\/div>","protected":false},"excerpt":{"rendered":"<p>Tutorialul este realizat ava\u0302nd ca baza\u0306 un sistem de operare Android versiunea 12 \u00a0 Dac\u0103 face\u0163i parte dintr-o institu\u0163ie afiliat\u0103 EDUROAM \u0219i ave\u0163i un cont \u00een cadrul acesteia, v\u0103 pute\u0163i conecta la re\u0163eaua wireless a Universit\u0103\u0163ii &#8220;Alexandru Ioan Cuza&#8221;. Observa\u021bie: Utilizatorii care au deja un cont \u0219i o parol\u0103 de acces \u00een re\u021bea vor trece [&hellip;]<\/p>\n","protected":false},"author":1,"featured_media":0,"parent":1003,"menu_order":8,"comment_status":"closed","ping_status":"closed","template":"","meta":{"footnotes":""},"class_list":["post-1686","page","type-page","status-publish","hentry"],"_links":{"self":[{"href":"https:\/\/dcd.uaic.ro\/index.php?rest_route=\/wp\/v2\/pages\/1686","targetHints":{"allow":["GET"]}}],"collection":[{"href":"https:\/\/dcd.uaic.ro\/index.php?rest_route=\/wp\/v2\/pages"}],"about":[{"href":"https:\/\/dcd.uaic.ro\/index.php?rest_route=\/wp\/v2\/types\/page"}],"author":[{"embeddable":true,"href":"https:\/\/dcd.uaic.ro\/index.php?rest_route=\/wp\/v2\/users\/1"}],"replies":[{"embeddable":true,"href":"https:\/\/dcd.uaic.ro\/index.php?rest_route=%2Fwp%2Fv2%2Fcomments&post=1686"}],"version-history":[{"count":24,"href":"https:\/\/dcd.uaic.ro\/index.php?rest_route=\/wp\/v2\/pages\/1686\/revisions"}],"predecessor-version":[{"id":6377,"href":"https:\/\/dcd.uaic.ro\/index.php?rest_route=\/wp\/v2\/pages\/1686\/revisions\/6377"}],"up":[{"embeddable":true,"href":"https:\/\/dcd.uaic.ro\/index.php?rest_route=\/wp\/v2\/pages\/1003"}],"wp:attachment":[{"href":"https:\/\/dcd.uaic.ro\/index.php?rest_route=%2Fwp%2Fv2%2Fmedia&parent=1686"}],"curies":[{"name":"wp","href":"https:\/\/api.w.org\/{rel}","templated":true}]}}