{"id":3342,"date":"2010-07-29T09:22:24","date_gmt":"2010-07-29T09:22:24","guid":{"rendered":"http:\/\/dcd.uaic.ro\/"},"modified":"2025-09-23T13:56:53","modified_gmt":"2025-09-23T11:56:53","slug":"regulamente","status":"publish","type":"page","link":"https:\/\/dcd.uaic.ro\/?page_id=3342","title":{"rendered":"Regulamente"},"content":{"rendered":"\t\t<div data-elementor-type=\"wp-page\" data-elementor-id=\"3342\" class=\"elementor elementor-3342\">\n\t\t\t\t\t\t<section class=\"elementor-section elementor-top-section elementor-element elementor-element-181362fa elementor-section-boxed elementor-section-height-default elementor-section-height-default\" data-id=\"181362fa\" data-element_type=\"section\">\n\t\t\t\t\t\t<div class=\"elementor-container elementor-column-gap-default\">\n\t\t\t\t\t<div class=\"elementor-column elementor-col-100 elementor-top-column elementor-element elementor-element-12409367\" data-id=\"12409367\" data-element_type=\"column\">\n\t\t\t<div class=\"elementor-widget-wrap elementor-element-populated\">\n\t\t\t\t\t\t<div class=\"elementor-element elementor-element-8e9ba7e elementor-widget elementor-widget-text-editor\" data-id=\"8e9ba7e\" data-element_type=\"widget\" data-widget_type=\"text-editor.default\">\n\t\t\t\t<div class=\"elementor-widget-container\">\n\t\t\t\t\t\t\t\t\t<ul><li><a href=\"https:\/\/dcd.uaic.ro\/wp-content\/uploads\/2022\/10\/Politica-confidentialitate.pdf\">Politica confidentialitate<\/a><\/li><li><a href=\"https:\/\/dcd.uaic.ro\/wp-content\/uploads\/2022\/10\/Politica_de_Securitate_RIC_v1.0.pdf\">Politica de Securitate privind Sistemul Resurselor Informatice \u015fi de Comunica\u0163ii din Universitatea &#8220;Alexandru Ioan Cuza&#8221;, Ia\u015fi<\/a><\/li><li><a href=\"https:\/\/dcd.uaic.ro\/wp-content\/uploads\/2022\/10\/Plan_de_Securitate_RIC_v1.0.pdf\">Plan de Securitate privind Sistemul Resurselor Informatice \u015fi de Comunica\u0163ii al Universit\u0103\u0163ii &#8220;Alexandru Ioan Cuza&#8221; din Ia\u015fi<\/a> &#8211; cuprinde 20 de Proceduri \u015fi Regulamente specifice;<\/li><\/ul><ul><li><div><a href=\"http:\/\/dcd.uaic.ro\/?page_id=92\" target=\"_blank\" rel=\"noopener\">Regulament <strong>RoEduNet<\/strong><\/a> &#8211; regulament de func\u0163ionare al Infrastructurii de Comunica\u0163ii de Date <strong>RoEduNet<\/strong>.<\/div><\/li><li><a href=\"https:\/\/dcd.uaic.ro\/wp-content\/uploads\/2022\/10\/Instruirea-personalului-cu-privire-la-prevederile-Regulamentului-General-privind-Protect\u0326ia-Datelor.pdf\">Regulament GDPR<\/a><\/li><li><a href=\"https:\/\/dcd.uaic.ro\/?page_id=5418\">Regulament de utilizare a re\u021belei UAIC de c\u0103tre studen\u021bi<\/a><\/li><\/ul>\t\t\t\t\t\t\t\t<\/div>\n\t\t\t\t<\/div>\n\t\t\t\t\t<\/div>\n\t\t<\/div>\n\t\t\t\t\t<\/div>\n\t\t<\/section>\n\t\t\t\t<\/div>\n\t\t<div class=\"gsp_post_data\" data-post_type=\"page\" data-cat=\"\" data-modified=\"120\" data-title=\"Regulamente\" data-home=\"https:\/\/dcd.uaic.ro\"><\/div>","protected":false},"excerpt":{"rendered":"<p>Politica confidentialitate Politica de Securitate privind Sistemul Resurselor Informatice \u015fi de Comunica\u0163ii din Universitatea &#8220;Alexandru Ioan Cuza&#8221;, Ia\u015fi Plan de Securitate privind Sistemul Resurselor Informatice \u015fi de Comunica\u0163ii al Universit\u0103\u0163ii &#8220;Alexandru Ioan Cuza&#8221; din Ia\u015fi &#8211; cuprinde 20 de Proceduri \u015fi Regulamente specifice; Regulament RoEduNet &#8211; regulament de func\u0163ionare al Infrastructurii de Comunica\u0163ii de Date [&hellip;]<\/p>\n","protected":false},"author":1,"featured_media":0,"parent":0,"menu_order":2,"comment_status":"closed","ping_status":"closed","template":"","meta":{"footnotes":""},"class_list":["post-3342","page","type-page","status-publish","hentry"],"_links":{"self":[{"href":"https:\/\/dcd.uaic.ro\/index.php?rest_route=\/wp\/v2\/pages\/3342","targetHints":{"allow":["GET"]}}],"collection":[{"href":"https:\/\/dcd.uaic.ro\/index.php?rest_route=\/wp\/v2\/pages"}],"about":[{"href":"https:\/\/dcd.uaic.ro\/index.php?rest_route=\/wp\/v2\/types\/page"}],"author":[{"embeddable":true,"href":"https:\/\/dcd.uaic.ro\/index.php?rest_route=\/wp\/v2\/users\/1"}],"replies":[{"embeddable":true,"href":"https:\/\/dcd.uaic.ro\/index.php?rest_route=%2Fwp%2Fv2%2Fcomments&post=3342"}],"version-history":[{"count":9,"href":"https:\/\/dcd.uaic.ro\/index.php?rest_route=\/wp\/v2\/pages\/3342\/revisions"}],"predecessor-version":[{"id":5502,"href":"https:\/\/dcd.uaic.ro\/index.php?rest_route=\/wp\/v2\/pages\/3342\/revisions\/5502"}],"wp:attachment":[{"href":"https:\/\/dcd.uaic.ro\/index.php?rest_route=%2Fwp%2Fv2%2Fmedia&parent=3342"}],"curies":[{"name":"wp","href":"https:\/\/api.w.org\/{rel}","templated":true}]}}