{"id":6385,"date":"2025-12-05T15:31:07","date_gmt":"2025-12-05T13:31:07","guid":{"rendered":"https:\/\/dcd.uaic.ro\/?page_id=6385"},"modified":"2025-12-05T15:43:32","modified_gmt":"2025-12-05T13:43:32","slug":"microsoft-365-copilot-chat-studenti","status":"publish","type":"page","link":"https:\/\/dcd.uaic.ro\/studenti\/microsoft-365-copilot-chat-studenti","title":{"rendered":"Microsoft  365 \u2013 Copilot Chat"},"content":{"rendered":"\t\t<div data-elementor-type=\"wp-page\" data-elementor-id=\"6385\" class=\"elementor elementor-6385\">\n\t\t\t\t\t\t<section class=\"elementor-section elementor-top-section elementor-element elementor-element-712689a elementor-section-boxed elementor-section-height-default elementor-section-height-default\" data-id=\"712689a\" data-element_type=\"section\" data-e-type=\"section\">\n\t\t\t\t\t\t<div class=\"elementor-container elementor-column-gap-default\">\n\t\t\t\t\t<div class=\"elementor-column elementor-col-100 elementor-top-column elementor-element elementor-element-0ec2cc6\" data-id=\"0ec2cc6\" data-element_type=\"column\" data-e-type=\"column\">\n\t\t\t<div class=\"elementor-widget-wrap elementor-element-populated\">\n\t\t\t\t\t\t<div class=\"elementor-element elementor-element-b50af40 elementor-widget elementor-widget-heading\" data-id=\"b50af40\" data-element_type=\"widget\" data-e-type=\"widget\" data-widget_type=\"heading.default\">\n\t\t\t\t<div class=\"elementor-widget-container\">\n\t\t\t\t\t<h4 class=\"elementor-heading-title elementor-size-default\"><h4 class=\"elementor-heading-title elementor-size-default elementor-inline-editing pen\" data-elementor-setting-key=\"title\" data-pen-placeholder=\"Type Here...\" style=\"font-family: var( --e-global-typography-primary-font-family ), Sans-serif;font-weight: var( --e-global-typography-primary-font-weight )\">Microsoft 365  - Copilot Chat<\/h4><\/h4>\t\t\t\t<\/div>\n\t\t\t\t<\/div>\n\t\t\t\t<div class=\"elementor-element elementor-element-0a58659 elementor-button-warning elementor-align-center elementor-widget elementor-widget-button\" data-id=\"0a58659\" data-element_type=\"widget\" data-e-type=\"widget\" data-widget_type=\"button.default\">\n\t\t\t\t<div class=\"elementor-widget-container\">\n\t\t\t\t\t\t\t\t\t<div class=\"elementor-button-wrapper\">\n\t\t\t\t\t<a class=\"elementor-button elementor-button-link elementor-size-sm\" href=\"https:\/\/m365.cloud.microsoft\/chat\/\">\n\t\t\t\t\t\t<span class=\"elementor-button-content-wrapper\">\n\t\t\t\t\t\t<span class=\"elementor-button-icon\">\n\t\t\t\t<i aria-hidden=\"true\" class=\"far fa-arrow-alt-circle-right\"><\/i>\t\t\t<\/span>\n\t\t\t\t\t\t\t\t\t<span class=\"elementor-button-text\">Acces Microsoft  365 Copilot Chat <\/span>\n\t\t\t\t\t<\/span>\n\t\t\t\t\t<\/a>\n\t\t\t\t<\/div>\n\t\t\t\t\t\t\t\t<\/div>\n\t\t\t\t<\/div>\n\t\t\t\t\t<\/div>\n\t\t<\/div>\n\t\t\t\t\t<\/div>\n\t\t<\/section>\n\t\t\t\t<section class=\"elementor-section elementor-top-section elementor-element elementor-element-95c5195 elementor-section-boxed elementor-section-height-default elementor-section-height-default\" data-id=\"95c5195\" data-element_type=\"section\" data-e-type=\"section\">\n\t\t\t\t\t\t<div class=\"elementor-container elementor-column-gap-default\">\n\t\t\t\t\t<div class=\"elementor-column elementor-col-100 elementor-top-column elementor-element elementor-element-6a9bf89\" data-id=\"6a9bf89\" data-element_type=\"column\" data-e-type=\"column\">\n\t\t\t<div class=\"elementor-widget-wrap elementor-element-populated\">\n\t\t\t\t\t\t<div class=\"elementor-element elementor-element-6543b81 elementor-widget elementor-widget-text-editor\" data-id=\"6543b81\" data-element_type=\"widget\" data-e-type=\"widget\" data-widget_type=\"text-editor.default\">\n\t\t\t\t<div class=\"elementor-widget-container\">\n\t\t\t\t\t\t\t\t\t<blockquote><p><span style=\"color: #800080;\"><strong>Copilot Chat este un asistent AI conversa\u021bional care te ajut\u0103 s\u0103 lucrezi mai rapid, mai inteligent \u0219i mai creativ. <\/strong><\/span><\/p><\/blockquote><p><strong><span style=\"color: #0000ff;\">Ce este Copilot Chat?<\/span><\/strong><\/p><p>Copilot Chat este un instrument bazat pe inteligen\u021b\u0103 artificial\u0103 care \u00ee\u021bi ofer\u0103 suport \u00een timp real prin conversa\u021bii naturale. \u00cel po\u021bi folosi pentru a ob\u021bine r\u0103spunsuri, explica\u021bii, idei sau solu\u021bii la probleme complexe, direct \u00een limbajul t\u0103u.<\/p><p><strong><span style=\"color: #0000ff;\">Ce poate face?<\/span><\/strong><\/p><p>R\u0103spunde la \u00eentreb\u0103ri \u0219i explic\u0103 concepte tehnice sau generale \u00eentr-un mod simplu.<br \/>Genereaz\u0103 con\u021binut creativ (texte, articole, post\u0103ri, idei pentru proiecte).<br \/>Ajut\u0103 la programare (scrie cod, explic\u0103 erori, ofer\u0103 exemple).<br \/>Analizeaz\u0103 date \u0219i creeaz\u0103 vizualiz\u0103ri (grafice, rapoarte).<br \/>Planific\u0103 \u0219i organizeaz\u0103 sarcini, proiecte sau calendare.<\/p><p><strong><span style=\"color: #0000ff;\">De ce este util?<\/span><\/strong><\/p><p>Economise\u0219ti timp: ob\u021bii rapid informa\u021bii \u0219i solu\u021bii.<br \/>Cre\u0219ti productivitatea: automatizezi sarcini repetitive.<br \/>\u00cembun\u0103t\u0103\u021be\u0219ti creativitatea: prime\u0219ti idei \u0219i inspira\u021bie.<br \/>Ai suport 24\/7: r\u0103spunsuri instant, f\u0103r\u0103 a c\u0103uta ore \u00eentregi.<\/p>\t\t\t\t\t\t\t\t<\/div>\n\t\t\t\t<\/div>\n\t\t\t\t\t<\/div>\n\t\t<\/div>\n\t\t\t\t\t<\/div>\n\t\t<\/section>\n\t\t\t\t<\/div>\n\t\t","protected":false},"excerpt":{"rendered":"<p>Microsoft 365 &#8211; Copilot Chat Acces Microsoft 365 Copilot Chat Copilot Chat este un asistent AI conversa\u021bional care te ajut\u0103 s\u0103 lucrezi mai rapid, mai inteligent \u0219i mai creativ. Ce este Copilot Chat? Copilot Chat este un instrument bazat pe inteligen\u021b\u0103 artificial\u0103 care \u00ee\u021bi ofer\u0103 suport \u00een timp real prin conversa\u021bii naturale. \u00cel po\u021bi folosi [&hellip;]<\/p>\n","protected":false},"author":2,"featured_media":0,"parent":4851,"menu_order":0,"comment_status":"closed","ping_status":"closed","template":"","meta":{"footnotes":""},"class_list":["post-6385","page","type-page","status-publish","hentry"],"_links":{"self":[{"href":"https:\/\/dcd.uaic.ro\/wp-json\/wp\/v2\/pages\/6385","targetHints":{"allow":["GET"]}}],"collection":[{"href":"https:\/\/dcd.uaic.ro\/wp-json\/wp\/v2\/pages"}],"about":[{"href":"https:\/\/dcd.uaic.ro\/wp-json\/wp\/v2\/types\/page"}],"author":[{"embeddable":true,"href":"https:\/\/dcd.uaic.ro\/wp-json\/wp\/v2\/users\/2"}],"replies":[{"embeddable":true,"href":"https:\/\/dcd.uaic.ro\/wp-json\/wp\/v2\/comments?post=6385"}],"version-history":[{"count":0,"href":"https:\/\/dcd.uaic.ro\/wp-json\/wp\/v2\/pages\/6385\/revisions"}],"up":[{"embeddable":true,"href":"https:\/\/dcd.uaic.ro\/wp-json\/wp\/v2\/pages\/4851"}],"wp:attachment":[{"href":"https:\/\/dcd.uaic.ro\/wp-json\/wp\/v2\/media?parent=6385"}],"curies":[{"name":"wp","href":"https:\/\/api.w.org\/{rel}","templated":true}]}}