{"id":66,"date":"2010-07-29T11:37:09","date_gmt":"2010-07-29T11:37:09","guid":{"rendered":"http:\/\/dcd.uaic.ro\/"},"modified":"2025-11-10T09:46:50","modified_gmt":"2025-11-10T07:46:50","slug":"acasa","status":"publish","type":"page","link":"https:\/\/dcd.uaic.ro\/","title":{"rendered":"Direc\u021bia Comunica\u0163ii Digitale \u0219i Informatizare"},"content":{"rendered":"\t\t<div data-elementor-type=\"wp-page\" data-elementor-id=\"66\" class=\"elementor elementor-66\">\n\t\t\t\t\t\t<section class=\"elementor-section elementor-top-section elementor-element elementor-element-431dfd4 elementor-section-boxed elementor-section-height-default elementor-section-height-default\" data-id=\"431dfd4\" data-element_type=\"section\">\n\t\t\t\t\t\t<div class=\"elementor-container elementor-column-gap-default\">\n\t\t\t\t\t<div class=\"elementor-column elementor-col-100 elementor-top-column elementor-element elementor-element-be2e86a\" data-id=\"be2e86a\" data-element_type=\"column\">\n\t\t\t<div class=\"elementor-widget-wrap elementor-element-populated\">\n\t\t\t\t\t\t<div class=\"elementor-element elementor-element-1145160 elementor-widget elementor-widget-text-editor\" data-id=\"1145160\" data-element_type=\"widget\" data-widget_type=\"text-editor.default\">\n\t\t\t\t<div class=\"elementor-widget-container\">\n\t\t\t\t\t\t\t\t\t<blockquote>\n<p>\u00cen acord cu\u00a0<strong><a href=\"\/wp-content\/uploads\/2024\/11\/hotarare-rectorat.jpeg\" target=\"_blank\" rel=\"noopener noreferrer\">hot\u0103r\u00e2rea<\/a><\/strong>\u00a0conducerii Universit\u0103\u021bii discu\u021biile cu caracter general \u00een comunitatea uaic se vor desf\u0103\u0219ura folosind lista de email\u00a0<strong><a href=\"mailto: comunitate@uaic.ro\">comunitate@uaic.ro<\/a><\/strong>. Instruc\u021biunile privind utilizarea acesteia pot fi consultate\u00a0<strong><a href=\"\/?page_id=5086\" target=\"_blank\" rel=\"noopener noreferrer\">aici<\/a><\/strong>.<\/p>\n<\/blockquote>\t\t\t\t\t\t\t\t<\/div>\n\t\t\t\t<\/div>\n\t\t\t\t\t<\/div>\n\t\t<\/div>\n\t\t\t\t\t<\/div>\n\t\t<\/section>\n\t\t\t\t<section class=\"elementor-section elementor-top-section elementor-element elementor-element-f704511 elementor-section-boxed elementor-section-height-default elementor-section-height-default\" data-id=\"f704511\" data-element_type=\"section\">\n\t\t\t\t\t\t<div class=\"elementor-container elementor-column-gap-default\">\n\t\t\t\t\t<div class=\"elementor-column elementor-col-100 elementor-top-column elementor-element elementor-element-65f2753e\" data-id=\"65f2753e\" data-element_type=\"column\">\n\t\t\t<div class=\"elementor-widget-wrap elementor-element-populated\">\n\t\t\t\t\t\t<div class=\"elementor-element elementor-element-d54724c elementor-widget elementor-widget-text-editor\" data-id=\"d54724c\" data-element_type=\"widget\" data-widget_type=\"text-editor.default\">\n\t\t\t\t<div class=\"elementor-widget-container\">\n\t\t\t\t\t\t\t\t\t\n<div class=\"wp-block-columns is-layout-flex wp-container-core-columns-is-layout-9d6595d7 wp-block-columns-is-layout-flex\">\n<div class=\"wp-block-column is-layout-flow wp-block-column-is-layout-flow\">\n<blockquote>\n<p class=\"blockquote2\"><strong>Direc\u021bia Comunica\u0163ii Digitale \u0219i Informatizare<\/strong>\u00a0a activat serviciile\u00a0<strong>Microsoft 365 <i>pentru profesori.<\/i><\/strong><\/p>\n<\/blockquote>\n<blockquote>\n<p class=\"blockquote2\">Pentru detalii privind catalogul online pentru studen\u021bi \u0219i facilit\u0103\u021bi de decontare transport<strong><em>\u00a0<\/em><\/strong>pentru studen\u021bi v\u0103 rug\u0103m s\u0103 accesa\u021bi <a href=\"https:\/\/grades.uaic.ro\/\">grades.uaic.ro.<\/a><\/p>\n<\/blockquote>\n<p style=\"text-align: justify;\"><strong>D<\/strong>irec\u021bia\u00a0<strong>C<\/strong>omunica\u0163ii\u00a0<strong>D<\/strong>igitale \u0219i\u00a0<strong>I<\/strong>nformatizare (<strong>D.C.D.I<\/strong>) a fost oficial \u00eenfiin\u0163at\u0103 \u00een Iulie 1994 (sub numele de Departamentul de Comunica\u0163ii de Date), dar opereaz\u0103 din Noiembrie 1993, c\u00e2nd a fost instalat\u0103 prima re\u0163ea conectat\u0103 la Internet din Ia\u015fi \u015fi din Moldova.<\/p>\n<p style=\"text-align: justify;\">P\u00e2n\u0103 la data \u00eenfiin\u0163\u0103rii oficiale (septembrie 1998) a\u00a0<a href=\"https:\/\/www.nren.ro\/\" target=\"_blank\" rel=\"noopener noreferrer\">Sucursalei Ia\u015fi a\u00a0<em>Re\u0163elei Educa\u0163ionale din Rom\u00e2nia \u2013 RoEduNet<\/em><\/a>, D.C.D.I a conectat institu\u0163iile educa\u0163ionale \u015fi de cercetare din N-E Rom\u00e2niei la nodul de comunica\u0163ii de la Universitatea \u201ePolitehnic\u0103\u201d din Bucure\u015fti \u015fi la Internet. Astfel, D.C.D. a administrat primul nod Internet din N-E Rom\u00e2niei: mai \u00eent\u00e2i o conexiune dial-up la Universitatea \u201ePolitehnic\u0103\u201d din Bucure\u015fti (noiembrie 1993 \u2013 mai 1994), apoi o conexiune prin linie \u00eenchiriat\u0103 analogic\u0103 (mai 1994 \u2013 martie 1998), iar din martie 1998 o conexiune digital\u0103.<\/p>\n<p style=\"text-align: justify;\">\u00cen august 1998, prin HG 515 a fost \u00eenfiin\u0163at Oficiul pentru Administrare \u015fi Operare al Infrastructurii de Comunica\u0163ii de Date\u00a0<a href=\"https:\/\/www.nren.ro\/\" target=\"_blank\" rel=\"noopener noreferrer\">\u201eRoEduNet\u201d<\/a> care a preluat, \u00een conformitate cu statutul acestei institu\u0163ii, activitatea de administrare a Re\u0163elei Educa\u0163ionale din Rom\u00e2nia. Ca o consecin\u0163\u0103 fireasc\u0103 \u015fi o recunoa\u015ftere a eforturilor D.C.D.I \u00een perioada de pionierat a re\u0163elelor de calculatoare \u00een Rom\u00e2nia,\u00a0<a href=\"https:\/\/www.nren.ro\/\" target=\"_blank\" rel=\"noopener noreferrer\">Sucursala Ia\u015fi a RoEduNet<\/a>\u00a0a fost stabilit\u0103 la Universitatea \u201eAlexandru Ioan Cuza\u201d, Ia\u015fi.<\/p>\n<\/div>\n<\/div>\n\t\t\t\t\t\t\t\t<\/div>\n\t\t\t\t<\/div>\n\t\t\t\t\t<\/div>\n\t\t<\/div>\n\t\t\t\t\t<\/div>\n\t\t<\/section>\n\t\t\t\t<\/div>\n\t\t<div class=\"gsp_post_data\" data-post_type=\"page\" data-cat=\"\" data-modified=\"120\" data-title=\"Direc\u021bia Comunica\u0163ii Digitale \u0219i Informatizare\" data-home=\"https:\/\/dcd.uaic.ro\"><\/div>","protected":false},"excerpt":{"rendered":"<p>\u00cen acord cu\u00a0hot\u0103r\u00e2rea\u00a0conducerii Universit\u0103\u021bii discu\u021biile cu caracter general \u00een comunitatea uaic se vor desf\u0103\u0219ura folosind lista de email\u00a0comunitate@uaic.ro. Instruc\u021biunile privind utilizarea acesteia pot fi consultate\u00a0aici. Direc\u021bia Comunica\u0163ii Digitale \u0219i Informatizare\u00a0a activat serviciile\u00a0Microsoft 365 pentru profesori. Pentru detalii privind catalogul online pentru studen\u021bi \u0219i facilit\u0103\u021bi de decontare transport\u00a0pentru studen\u021bi v\u0103 rug\u0103m s\u0103 accesa\u021bi grades.uaic.ro. Direc\u021bia\u00a0Comunica\u0163ii\u00a0Digitale \u0219i\u00a0Informatizare [&hellip;]<\/p>\n","protected":false},"author":1,"featured_media":0,"parent":0,"menu_order":0,"comment_status":"closed","ping_status":"closed","template":"","meta":{"footnotes":""},"class_list":["post-66","page","type-page","status-publish","hentry"],"_links":{"self":[{"href":"https:\/\/dcd.uaic.ro\/index.php?rest_route=\/wp\/v2\/pages\/66","targetHints":{"allow":["GET"]}}],"collection":[{"href":"https:\/\/dcd.uaic.ro\/index.php?rest_route=\/wp\/v2\/pages"}],"about":[{"href":"https:\/\/dcd.uaic.ro\/index.php?rest_route=\/wp\/v2\/types\/page"}],"author":[{"embeddable":true,"href":"https:\/\/dcd.uaic.ro\/index.php?rest_route=\/wp\/v2\/users\/1"}],"replies":[{"embeddable":true,"href":"https:\/\/dcd.uaic.ro\/index.php?rest_route=%2Fwp%2Fv2%2Fcomments&post=66"}],"version-history":[{"count":22,"href":"https:\/\/dcd.uaic.ro\/index.php?rest_route=\/wp\/v2\/pages\/66\/revisions"}],"predecessor-version":[{"id":6198,"href":"https:\/\/dcd.uaic.ro\/index.php?rest_route=\/wp\/v2\/pages\/66\/revisions\/6198"}],"wp:attachment":[{"href":"https:\/\/dcd.uaic.ro\/index.php?rest_route=%2Fwp%2Fv2%2Fmedia&parent=66"}],"curies":[{"name":"wp","href":"https:\/\/api.w.org\/{rel}","templated":true}]}}