{"id":666,"date":"2010-10-06T14:10:06","date_gmt":"2010-10-06T11:10:06","guid":{"rendered":"http:\/\/dcd.uaic.ro\/?page_id=666"},"modified":"2022-10-26T11:11:50","modified_gmt":"2022-10-26T09:11:50","slug":"liste-de-discutii","status":"publish","type":"page","link":"https:\/\/dcd.uaic.ro\/?page_id=666","title":{"rendered":"Liste de discu\u0163ii"},"content":{"rendered":"\t\t<div data-elementor-type=\"wp-page\" data-elementor-id=\"666\" class=\"elementor elementor-666\">\n\t\t\t\t\t\t<section class=\"elementor-section elementor-top-section elementor-element elementor-element-67926f95 elementor-section-full_width elementor-section-height-default elementor-section-height-default\" data-id=\"67926f95\" data-element_type=\"section\">\n\t\t\t\t\t\t<div class=\"elementor-container elementor-column-gap-default\">\n\t\t\t\t\t<div class=\"elementor-column elementor-col-100 elementor-top-column elementor-element elementor-element-6e8ce57e\" data-id=\"6e8ce57e\" data-element_type=\"column\">\n\t\t\t<div class=\"elementor-widget-wrap elementor-element-populated\">\n\t\t\t\t\t\t\t<\/div>\n\t\t<\/div>\n\t\t\t\t\t<\/div>\n\t\t<\/section>\n\t\t\t\t<section class=\"elementor-section elementor-top-section elementor-element elementor-element-ee963d3 elementor-section-boxed elementor-section-height-default elementor-section-height-default\" data-id=\"ee963d3\" data-element_type=\"section\">\n\t\t\t\t\t\t<div class=\"elementor-container elementor-column-gap-default\">\n\t\t\t\t\t<div class=\"elementor-column elementor-col-100 elementor-top-column elementor-element elementor-element-c977490\" data-id=\"c977490\" data-element_type=\"column\">\n\t\t\t<div class=\"elementor-widget-wrap elementor-element-populated\">\n\t\t\t\t\t\t<div class=\"elementor-element elementor-element-adf0bd2 elementor-widget elementor-widget-heading\" data-id=\"adf0bd2\" data-element_type=\"widget\" data-widget_type=\"heading.default\">\n\t\t\t\t<div class=\"elementor-widget-container\">\n\t\t\t\t\t<h2 class=\"elementor-heading-title elementor-size-default\"><span style=\"font-size: 18px\">Liste de discu\u0163ii prin email (discussion list)<\/span><\/h2>\t\t\t\t<\/div>\n\t\t\t\t<\/div>\n\t\t\t\t\t<\/div>\n\t\t<\/div>\n\t\t\t\t\t<\/div>\n\t\t<\/section>\n\t\t\t\t<section class=\"elementor-section elementor-top-section elementor-element elementor-element-b35c749 elementor-section-boxed elementor-section-height-default elementor-section-height-default\" data-id=\"b35c749\" data-element_type=\"section\">\n\t\t\t\t\t\t<div class=\"elementor-container elementor-column-gap-default\">\n\t\t\t\t\t<div class=\"elementor-column elementor-col-100 elementor-top-column elementor-element elementor-element-d078fd9\" data-id=\"d078fd9\" data-element_type=\"column\">\n\t\t\t<div class=\"elementor-widget-wrap elementor-element-populated\">\n\t\t\t\t\t\t<div class=\"elementor-element elementor-element-4446322 elementor-widget elementor-widget-text-editor\" data-id=\"4446322\" data-element_type=\"widget\" data-widget_type=\"text-editor.default\">\n\t\t\t\t<div class=\"elementor-widget-container\">\n\t\t\t\t\t\t\t\t\t<div style=\"margin: 0px; padding: 0px; color: #333333; font-family: Oxygen, sans-serif; font-size: 14px; text-align: justify;\">\n<ul style=\"margin: 0px 0px 10px 3em; padding: 0px; list-style-position: initial; list-style-image: initial; font-weight: 400; text-align: start;\">\n<li style=\"margin: 0px; padding: 0px;\"><span style=\"margin: 0px; padding: 0px; font-weight: bold;\"><span style=\"margin: 0px; padding: 0px; color: #0000ff;\">Generalit\u0103\u0163i\/Defini\u0163ii<\/span><\/span><\/li>\n<\/ul>\n<\/div>\n<div style=\"margin: 0px; padding: 0px; color: #333333; font-family: Oxygen, sans-serif; font-size: 14px; text-align: justify;\"><span style=\"margin: 0px; padding: 0px; font-weight: bold;\">&nbsp;<\/span><\/div>\n<div style=\"margin: 0px; padding: 0px; color: #333333; font-family: Oxygen, sans-serif; font-size: 14px; text-align: justify;\"><span style=\"margin: 0px; padding: 0px; font-weight: bold;\">Listele de discu\u0163ii (mailing lists)<\/span>&nbsp;reprezint\u0103 o form\u0103 de comunicare a informa\u0163iilor&nbsp;<em style=\"margin: 0px; padding: 0px;\">prin email<\/em>&nbsp;\u00eentre utilizatorii de Internet, indiferent de zona geografic\u0103 \u00een care se afl\u0103 sau de na\u0163ionalitatea lor.<br style=\"margin: 0px; padding: 0px;\">O astfel de list\u0103 con\u0163ine adresele de e-mail ale unor&nbsp;<em style=\"margin: 0px; padding: 0px;\">utilizatori (comunit\u0103\u0163i virtuale de persoane care schimb\u0103 \u00eentre ele mesaje, pe baza unui subiect specific)<\/em>. Astfel, listele de discu\u0163ii sunt organizate pe baza unor idei, preferin\u0163e sau interese comune tuturor utilizatorilor. Un mesaj primit pe adresa listei este difuzat automat tuturor membrilor listei.<\/div>\n<div style=\"margin: 0px; padding: 0px; color: #333333; font-family: Oxygen, sans-serif; font-size: 14px; text-align: justify;\">Datorit\u0103 faptului c\u0103 cea mai mare parte a utilizatorilor Internet folosesc cu preponderen\u0163\u0103 e-mail-ul, \u015fi datorit\u0103 costurillor de conectare la Internet, a rezultat necesitatea de organizare a unor grupuri de discu\u0163ii \u00eentre aceste miloane de utilizatori, grupuri care s\u0103 se bazeze pe o distribu\u0163ie selectiv\u0103 a e-mailurilor. Astfel un utilizator se poate abona (de obicei gratuit) la una din listele de discu\u0163ii din domeniul care \u00eel intereseaz\u0103, urm\u00e2nd s\u0103 primeasc\u0103 zilnic (sau s\u0103pt\u0103m\u00e2nal \u2013 dup\u0103 cum decide) zeci de scrisori pe tema respectiv\u0103 care reprezint\u0103 discu\u0163iile din grup. Aceste scrisori pot fi citite, se pot p\u0103stra sau s\u0103 li se r\u0103spund\u0103 pe adresa privat\u0103 ori pe adresa grupului contin\u00e2ndu-se astfel discu\u0163ia.<\/div>\n<div style=\"margin: 0px; padding: 0px; color: #333333; font-family: Oxygen, sans-serif; font-size: 14px; text-align: justify;\">Pute\u0163i s\u0103 participa\u0163i la un grup de discu\u0163ii prin email \u015fi s\u0103 primi\u0163i mesaje ca \u015fi cum a\u0163i primi un ziar electronic prin email. Diferen\u0163a este c\u0103 vi se permite s\u0103 v\u0103 exprima\u0163i propriile opinii, de obicei prin intermediul unui moderator. De asemenea, ave\u0163i posibilitatea s\u0103 cere\u0163i ajutorul altor persoane sau dimpotriv\u0103 pute\u0163i s\u0103 oferi\u0163i sfaturi sau informa\u0163ii persoanelor cau solicit\u0103 acest lucru. Deoarece se adreseaz\u0103 unei audien\u0163e \u0163int\u0103 specific\u0103, folosirea acestei metode de marketing electronic este foarte eficient\u0103.&nbsp;<\/div>\n<div style=\"margin: 0px; padding: 0px; color: #333333; font-family: Oxygen, sans-serif; font-size: 14px; text-align: justify;\">&nbsp;<\/div>\n<div style=\"margin: 0px; padding: 0px; font-family: Oxygen, sans-serif; font-size: 14px; text-align: justify;\">\n<ul style=\"color: #333333; margin: 0px 0px 10px 3em; padding: 0px; list-style-position: initial; list-style-image: initial; text-align: start;\">\n<li style=\"margin: 0px; padding: 0px;\"><span style=\"margin: 0px; padding: 0px; font-weight: bold;\"><span style=\"margin: 0px; padding: 0px; color: #0000ff;\">Func\u0163ionarea listelor de discu\u0163ii<\/span><\/span><\/li>\n<\/ul>\n<div style=\"text-align: left;\"><span style=\"color: #0000ff;\"><b>&nbsp;<\/b><\/span><\/div>\n<\/div>\n<div style=\"margin: 0px; padding: 0px; font-family: Oxygen, sans-serif; font-size: 14px; text-align: justify;\">\n<p style=\"color: #333333;\">Subiectul discu\u0163iilor de pe o list\u0103 poate fi foarte variat \u015fi depinde de tematica listei.<br style=\"margin: 0px; padding: 0px;\">\u00cen mod normal, fiecare trimite \u201emesajele\u201d lui (scrisorile care circul\u0103 \u00een grup) la o persoan\u0103 numit\u0103 moderator. Aceast\u0103 persoan\u0103 trimite apoi mesajul la fiecare din grupul respectiv.Unele grupuri sunt foarte mari incluz\u00e2nd c\u00e2teva sute de persoane, altele includ numai c\u00e2teva zeci de persoane.&nbsp;<\/p>\n<p style=\"color: #333333; padding: 0px;\">Procesorul de liste v\u0103 ofer\u0103 \u00een plus posibilitatea s\u0103 primi\u0163i emailurile sub forma&nbsp;<em style=\"margin: 0px; padding: 0px;\">digest<\/em>, adic\u0103 toate mesajele primite \u00eentr-o zi s\u0103 fie grupate \u00eentr-un singur email.<\/p>\n<p style=\"color: #333333; padding: 0px;\">\u00cenainte de a \u00eencepe transmiterea unor mesaje la lista de discu\u0163ii, trebuie s\u0103 \u201ep\u00e2ndi\u0163i\u201d \u015fi s\u0103 citi\u0163i mesajele trimise de al\u0163ii. Deci privi\u0163i ceea ce fac al\u0163ii, \u00eenainte de a v\u0103 face cunoscut\u0103 prezen\u0163a online.<br style=\"margin: 0px; padding: 0px;\">\u00cen mod obi\u015fnuit, instruc\u0163iunile de utilizare ale unei liste sunt incluse \u00een emailul ini\u0163ial.<br style=\"margin: 0px; padding: 0px;\">Dac\u0103 tot mai ave\u0163i nel\u0103muriri pute\u0163i s\u0103 citi\u0163i pagina cu r\u0103spunsurile la cele mai frecvente \u00eentreb\u0103ri (F.A.Q.), ata\u015fat\u0103 listei respective.<\/p>\n<p style=\"color: #333333; padding: 0px;\">Dup\u0103 ce a\u0163i v\u0103zut ce au trimis ceilal\u0163i participan\u0163i la discu\u0163ii \u015fi v-a\u0163i f\u0103cut o idee general\u0103 despre ce anume este acceptabil pute\u0163i \u00eencerca s\u0103 trimite\u0163i un mesaj.<br style=\"margin: 0px; padding: 0px;\">A\u015ftepta\u0163i s\u0103 pun\u0103 cineva o \u00eentrebare la care \u015fti\u0163i s\u0103 da\u0163i un r\u0103spuns bun \u015fi dup\u0103 aceea r\u0103spunde\u0163i c\u00e2t mai complet posibil \u015fi c\u00e2t mai amabil.<br style=\"margin: 0px; padding: 0px;\">Dac\u0103 ve\u0163i da r\u0103spunsuri corespunz\u0103toare, \u00een scurt timp ve\u0163i fi recunoscut ca un expert iar coresponden\u0163ii dvs. vor vizita \u015fi situl dvs. pentru a primi informa\u0163ii suplimentare.<\/p>\n<p style=\"color: #333333; padding: 0px;\">\n<\/p><ul style=\"color: #333333; margin: 0px 0px 10px 3em; padding: 0px; list-style-position: initial; list-style-image: initial; text-align: start;\">\n<li style=\"margin: 0px; padding: 0px;\"><span style=\"margin: 0px; padding: 0px; font-weight: bold;\"><span style=\"margin: 0px; padding: 0px; color: #0000ff;\">Clasific\u0103ri<\/span><\/span><\/li>\n<\/ul>\n<div style=\"text-align: left;\"><span style=\"color: #0000ff;\"><b>&nbsp;<\/b><\/span><\/div>\n<div style=\"color: #333333; margin: 0px; padding: 0px; text-align: start;\">\n<p style=\"padding: 0px;\">S\u0103 vedem c\u00e2teva clasific\u0103ri ale listelor de discu\u0163ii:<\/p>\n<\/div>\n<ul style=\"color: #333333; margin: 0px 0px 10px 3em; padding: 0px; list-style-position: initial; list-style-image: initial; text-align: start;\" type=\"square\">\n<li style=\"margin: 0px; padding: 0px;\">\n<div style=\"margin: 0px; padding: 0px;\">tip newsletter (\u00een care numai moderatorul sau proprietarul listei public\u0103 mesaje)<\/div>\n<\/li>\n<li style=\"margin: 0px; padding: 0px;\">\n<div style=\"margin: 0px; padding: 0px;\">\n<p>liste de discu\u0163ii propriu-zis\u0103 (\u00een care orice membru poate trimite mesaje la toat\u0103 lista&nbsp;<\/p>\n<ul style=\"margin: 0px 0px 0px 3em; padding: 0px; list-style: disc;\" type=\"circle\">\n<li style=\"margin: 0px; padding: 0px;\">moderat\u0103 (orice mesaj este aprobat de moderator)<\/li>\n<li style=\"margin: 0px; padding: 0px;\">nemoderat\u0103 \u2013 mesajul ajunge pe list\u0103 f\u0103r\u0103 a fi verificat de cineva<\/li>\n<\/ul>\n<\/div>\n<\/li>\n<\/ul>\n<p style=\"color: #333333; padding: 0px;\">\u2013 liste \u00een care orice persoan\u0103 poate s\u0103 devin\u0103 membru la o simpl\u0103 cerere \u00een acest sens (open membership) sau<br style=\"margin: 0px; padding: 0px;\">\u2013 liste \u00een care pentru a deveni membru: cererea trebuie s\u0103 fie aprobat\u0103 de c\u0103tre proprietarul listei (restricted membership)<\/p>\n<ul style=\"color: #333333; margin: 0px 0px 10px 3em; padding: 0px; list-style-position: initial; list-style-image: initial; text-align: start;\">\n<li style=\"margin: 0px; padding: 0px;\">liste care permit ata\u015famentele la e-mail \u015fi<\/li>\n<li style=\"margin: 0px; padding: 0px;\">liste care nu permit ata\u015famentele la e-mail<\/li>\n<\/ul>\n<p style=\"color: #333333; padding: 0px; text-align: start;\">\u2013 liste \u00een care prin ap\u0103sarea butonului reply mesajul merge la toate lista sau<br style=\"margin: 0px; padding: 0px;\">\u2013 liste \u00een care prin ap\u0103sarea butonului reply mesajul merge la persoana care a scris mesajul<\/p>\n<p style=\"color: #333333; padding: 0px; text-align: start;\">\n<\/p><ul style=\"margin: 0px 0px 10px 3em; padding: 0px; list-style-position: initial; list-style-image: initial; color: #333333; text-align: start;\">\n<li style=\"margin: 0px; padding: 0px;\"><span style=\"margin: 0px; padding: 0px; color: #0000ff;\"><span style=\"margin: 0px; padding: 0px; font-weight: bold;\">Avantajele listelor de discu\u0163ii<\/span><\/span><\/li>\n<\/ul>\n<p style=\"color: #333333; padding: 0px; text-align: start;\">\n<\/p><p><span style=\"color: #333333; font-weight: var( --e-global-typography-text-font-weight ); font-style: inherit; text-transform: inherit;\">Primirea mesajelor sub form\u0103 de compila\u0163ie (\u201edigest\u201d), adic\u0103 toate mesajele scrise \u00eentr-o zi sau s\u0103pt\u0103m\u00e2n\u0103 v\u0103 vor veni \u00eentr-un singur e-mail \u2013 sau web (primirea mesajelor \u00een formatul preferat HTML sau TEXT) \u2013 adic\u0103 ve\u0163i putea citi mesajele pe web la adresa grupului, f\u0103r\u0103 a le primi \u00een cutia de po\u015ft\u0103 electronic\u0103 -&gt; \u00een acest caz mesajele HTML sunt reformatate de robot).<\/span><br><span style=\"color: #333333; font-weight: var( --e-global-typography-text-font-weight ); font-style: inherit; text-transform: inherit;\">\u015etergerea tuturor ata\u015famentelor de c\u0103tre robot pentru a preveni r\u0103sp\u00e2ndirea viru\u015filor.<\/span><br><span style=\"color: #333333; font-weight: var( --e-global-typography-text-font-weight ); font-style: inherit; text-transform: inherit;\">Ave\u0163i posibilitatea s\u0103 deveni\u0163i cunoscut ca un specialist \u00een domeniul dvs. de activitate.<\/span><br><span style=\"color: #333333; font-weight: var( --e-global-typography-text-font-weight ); font-style: inherit; text-transform: inherit;\">\u00cen afar\u0103 de moderatorul listei exist\u0103 unul sau mai mul\u0163i participan\u0163i care transmit mai multe mesaje, care au ini\u0163iative \u015fi idei interesante \u015fi sunt foarte aprecia\u0163i. Ace\u015ftia reprezint\u0103 adev\u0103ra\u0163i lideri de opinie.Cu timpul pute\u0163i deveni \u015fi dvs. unul dintre ace\u015fti oameni.<\/span><br><span style=\"color: #333333; font-weight: var( --e-global-typography-text-font-weight ); font-style: inherit; text-transform: inherit;\">pute\u0163i cre\u015fte traficul c\u0103tre situl dvs. prin folosirea fi\u015fierului semn\u0103tur\u0103.<\/span><br><span style=\"color: #333333; font-weight: var( --e-global-typography-text-font-weight ); font-style: inherit; text-transform: inherit;\">v\u0103 \u00eembog\u0103\u0163i\u0163i cuno\u015ftin\u0163ele despre un anumit subiect<\/span><\/p>\n<ul>\n<li>Intra\u0163i \u00een contact cu al\u0163i oameni, care au acelea\u015fi pasiuni \u015fi interese ca \u015fi dvs.<\/li>\n<\/ul>\n<div><br><\/div>\n<div><ul style=\"margin: 0px 0px 10px 3em; padding: 0px; list-style-position: initial; list-style-image: initial; color: rgb(51, 51, 51); text-align: start;\"><li style=\"margin: 0px; padding: 0px;\"><span style=\"margin: 0px; padding: 0px; font-weight: 700;\"><span style=\"margin: 0px; padding: 0px; color: rgb(0, 0, 255);\">Leg\u0103turi:<\/span><\/span><\/li><\/ul><\/div>\n<div><br><\/div>\n<div><p><span style=\"color: rgb(51, 51, 51);\">Mai multe informa\u0163ii despre setarea, modul de func\u0163ionare \u015fi promovarea listelor de discu\u0163ii le pute\u0163i g\u0103si \u00een articolele urm\u0103toare:&nbsp;<\/span><\/p>\n<p style=\"padding: 0px; color: rgb(51, 51, 51);\">\n<\/p><ul style=\"margin: 0px 0px 10px 3em; padding: 0px; list-style-position: initial; list-style-image: initial; color: rgb(51, 51, 51);\">\n<li style=\"margin: 0px; padding: 0px;\"><a href=\"http:\/\/www.afaceri.net\/articole\/Webdesign\/Promovare\/Liste_de_discutii.htm\" target=\"_blank\" style=\"margin: 0px; padding: 0px; background-color: transparent; color: rgb(0, 120, 124);\"><\/a><a href=\"http:\/\/en.wikipedia.org\/wiki\/Electronic_mailing_list\" target=\"_blank\" style=\"margin: 0px; padding: 0px; background-color: transparent; color: rgb(0, 120, 124);\">http:\/\/en.wikipedia.org\/wiki\/Electronic_mailing_list<\/a><\/li>\n<li style=\"margin: 0px; padding: 0px;\"><a href=\"http:\/\/en.wikipedia.org\/wiki\/Mailing_list\" target=\"_blank\" style=\"margin: 0px; padding: 0px; background-color: transparent; color: rgb(0, 120, 124);\">http:\/\/en.wikipedia.org\/wiki\/Mailing_list<\/a><\/li>\n<\/ul>\n<\/div>\n<\/div>\t\t\t\t\t\t\t\t<\/div>\n\t\t\t\t<\/div>\n\t\t\t\t\t<\/div>\n\t\t<\/div>\n\t\t\t\t\t<\/div>\n\t\t<\/section>\n\t\t\t\t<\/div>\n\t\t<div class=\"gsp_post_data\" data-post_type=\"page\" data-cat=\"\" data-modified=\"120\" data-title=\"Liste de discu\u0163ii\" data-home=\"https:\/\/dcd.uaic.ro\"><\/div>","protected":false},"excerpt":{"rendered":"<p>Liste de discu\u0163ii prin email (discussion list) Generalit\u0103\u0163i\/Defini\u0163ii &nbsp; Listele de discu\u0163ii (mailing lists)&nbsp;reprezint\u0103 o form\u0103 de comunicare a informa\u0163iilor&nbsp;prin email&nbsp;\u00eentre utilizatorii de Internet, indiferent de zona geografic\u0103 \u00een care se afl\u0103 sau de na\u0163ionalitatea lor.O astfel de list\u0103 con\u0163ine adresele de e-mail ale unor&nbsp;utilizatori (comunit\u0103\u0163i virtuale de persoane care schimb\u0103 \u00eentre ele mesaje, pe [&hellip;]<\/p>\n","protected":false},"author":1,"featured_media":0,"parent":113,"menu_order":7,"comment_status":"closed","ping_status":"closed","template":"","meta":{"footnotes":""},"class_list":["post-666","page","type-page","status-publish","hentry"],"_links":{"self":[{"href":"https:\/\/dcd.uaic.ro\/index.php?rest_route=\/wp\/v2\/pages\/666","targetHints":{"allow":["GET"]}}],"collection":[{"href":"https:\/\/dcd.uaic.ro\/index.php?rest_route=\/wp\/v2\/pages"}],"about":[{"href":"https:\/\/dcd.uaic.ro\/index.php?rest_route=\/wp\/v2\/types\/page"}],"author":[{"embeddable":true,"href":"https:\/\/dcd.uaic.ro\/index.php?rest_route=\/wp\/v2\/users\/1"}],"replies":[{"embeddable":true,"href":"https:\/\/dcd.uaic.ro\/index.php?rest_route=%2Fwp%2Fv2%2Fcomments&post=666"}],"version-history":[{"count":0,"href":"https:\/\/dcd.uaic.ro\/index.php?rest_route=\/wp\/v2\/pages\/666\/revisions"}],"up":[{"embeddable":true,"href":"https:\/\/dcd.uaic.ro\/index.php?rest_route=\/wp\/v2\/pages\/113"}],"wp:attachment":[{"href":"https:\/\/dcd.uaic.ro\/index.php?rest_route=%2Fwp%2Fv2%2Fmedia&parent=666"}],"curies":[{"name":"wp","href":"https:\/\/api.w.org\/{rel}","templated":true}]}}