{"id":937,"date":"2011-01-05T12:46:09","date_gmt":"2011-01-05T09:46:09","guid":{"rendered":"http:\/\/dcd.uaic.ro\/?page_id=937"},"modified":"2025-11-13T13:12:52","modified_gmt":"2025-11-13T11:12:52","slug":"cautare-numere-de-telefon","status":"publish","type":"page","link":"https:\/\/dcd.uaic.ro\/?page_id=937","title":{"rendered":"C\u0103utare numere de telefon"},"content":{"rendered":"<blockquote><p><a href=\"http:\/\/dcd.uaic.ro\/phonebook\/\" target=\"_blank\" rel=\"noopener\">Carte de telefoane<\/a> &#8211; se pot c\u0103uta numere de telefon din cadrul Universit\u0103\u021bii &#8220;Alexandru Ioan Cuza&#8221;. C\u0103utarea se poate face at\u00e2t dup\u0103 nume \u0219i prenume, c\u00e2t \u0219i dup\u0103 facult\u0103\u021bi\/servicii\/departamente.<\/p><\/blockquote>\n<div class=\"gsp_post_data\" data-post_type=\"page\" data-cat=\"\" data-modified=\"120\" data-title=\"C\u0103utare numere de telefon\" data-home=\"https:\/\/dcd.uaic.ro\"><\/div>","protected":false},"excerpt":{"rendered":"<p>Carte de telefoane &#8211; se pot c\u0103uta numere de telefon din cadrul Universit\u0103\u021bii &#8220;Alexandru Ioan Cuza&#8221;. C\u0103utarea se poate face at\u00e2t dup\u0103 nume \u0219i prenume, c\u00e2t \u0219i dup\u0103 facult\u0103\u021bi\/servicii\/departamente.<\/p>\n","protected":false},"author":1,"featured_media":0,"parent":118,"menu_order":2,"comment_status":"closed","ping_status":"closed","template":"","meta":{"footnotes":""},"class_list":["post-937","page","type-page","status-publish","hentry"],"_links":{"self":[{"href":"https:\/\/dcd.uaic.ro\/index.php?rest_route=\/wp\/v2\/pages\/937","targetHints":{"allow":["GET"]}}],"collection":[{"href":"https:\/\/dcd.uaic.ro\/index.php?rest_route=\/wp\/v2\/pages"}],"about":[{"href":"https:\/\/dcd.uaic.ro\/index.php?rest_route=\/wp\/v2\/types\/page"}],"author":[{"embeddable":true,"href":"https:\/\/dcd.uaic.ro\/index.php?rest_route=\/wp\/v2\/users\/1"}],"replies":[{"embeddable":true,"href":"https:\/\/dcd.uaic.ro\/index.php?rest_route=%2Fwp%2Fv2%2Fcomments&post=937"}],"version-history":[{"count":1,"href":"https:\/\/dcd.uaic.ro\/index.php?rest_route=\/wp\/v2\/pages\/937\/revisions"}],"predecessor-version":[{"id":6340,"href":"https:\/\/dcd.uaic.ro\/index.php?rest_route=\/wp\/v2\/pages\/937\/revisions\/6340"}],"up":[{"embeddable":true,"href":"https:\/\/dcd.uaic.ro\/index.php?rest_route=\/wp\/v2\/pages\/118"}],"wp:attachment":[{"href":"https:\/\/dcd.uaic.ro\/index.php?rest_route=%2Fwp%2Fv2%2Fmedia&parent=937"}],"curies":[{"name":"wp","href":"https:\/\/api.w.org\/{rel}","templated":true}]}}