{"id":992,"date":"2011-01-13T14:13:30","date_gmt":"2011-01-13T12:13:30","guid":{"rendered":"http:\/\/dcd.uaic.ro\/?page_id=992"},"modified":"2025-11-13T12:18:11","modified_gmt":"2025-11-13T10:18:11","slug":"thunderbird","status":"publish","type":"page","link":"https:\/\/dcd.uaic.ro\/?page_id=992","title":{"rendered":"Thunderbird"},"content":{"rendered":"\t\t<div data-elementor-type=\"wp-page\" data-elementor-id=\"992\" class=\"elementor elementor-992\">\n\t\t\t\t\t\t<section class=\"elementor-section elementor-top-section elementor-element elementor-element-6b92f8cd elementor-section-boxed elementor-section-height-default elementor-section-height-default\" data-id=\"6b92f8cd\" data-element_type=\"section\">\n\t\t\t\t\t\t<div class=\"elementor-container elementor-column-gap-default\">\n\t\t\t\t\t<div class=\"elementor-column elementor-col-100 elementor-top-column elementor-element elementor-element-473dce56\" data-id=\"473dce56\" data-element_type=\"column\">\n\t\t\t<div class=\"elementor-widget-wrap elementor-element-populated\">\n\t\t\t\t\t\t<div class=\"elementor-element elementor-element-3ec53edf elementor-widget elementor-widget-text-editor\" data-id=\"3ec53edf\" data-element_type=\"widget\" data-widget_type=\"text-editor.default\">\n\t\t\t\t<div class=\"elementor-widget-container\">\n\t\t\t\t\t\t\t\t\t<p>\u00cen acest tutorial sunt descri\u0219i pa\u0219ii privind configurarea clientului de e-mail <span style=\"color: #333399;\"><strong>Mozilla Thunderbird<\/strong><\/span>.<\/p>\n<p><!-- \/wp:paragraph --><\/p>\n<p><!-- wp:paragraph --><\/p>\n<p><span style=\"color: #000fff;\">Mesajele vor fi preluate automat, prin intermediul protocolului IMAP, de pe serverul de mail al Universit\u0103\u021bii \u201cAlexandru Ioan Cuza\u201d din Ia\u0219i, mail.uaic.ro, pe calculatorul dumneavoastr\u0103.<\/span><\/p>\n<p><!-- \/wp:paragraph --><\/p>\n<p><!-- wp:paragraph --><\/p>\n<p>Programul Mozilla Thunderbird se poate desc\u0103rca de la pagina <a href=\"https:\/\/www.thunderbird.net\/en-US\/thunderbird\/all\/#R\">https:\/\/www.thunderbird.net\/en-US\/thunderbird\/all\/#R<\/a>.<\/p>\n<p><!-- \/wp:paragraph --><\/p>\n<p><!-- wp:paragraph --><\/p>\n<p>Dup\u0103 desc\u0103rcare, acesta se instaleaz\u0103 pe calculatorul propriu.<\/p>\n<p>Pentru a putea ad\u0103uga un cont de email, urm\u0103ri\u021bi tutorialul video.<\/p>\n<p><!-- \/wp:paragraph --><\/p>\t\t\t\t\t\t\t\t<\/div>\n\t\t\t\t<\/div>\n\t\t\t\t<div class=\"elementor-element elementor-element-219a2a2 elementor-widget elementor-widget-video\" data-id=\"219a2a2\" data-element_type=\"widget\" data-settings=\"{&quot;video_type&quot;:&quot;hosted&quot;,&quot;loop&quot;:&quot;yes&quot;,&quot;controls&quot;:&quot;yes&quot;}\" data-widget_type=\"video.default\">\n\t\t\t\t<div class=\"elementor-widget-container\">\n\t\t\t\t\t\t\t<div class=\"e-hosted-video elementor-wrapper elementor-open-inline\">\n\t\t\t\t\t<video class=\"elementor-video\" src=\"https:\/\/dcd.uaic.ro\/wp-content\/uploads\/2022\/11\/configurare-automata-utilizator-thunderbird.mp4\" loop=\"\" controls=\"\" preload=\"metadata\" controlsList=\"nodownload\" poster=\"https:\/\/dcd-new.uaic.ro\/wp-content\/uploads\/2022\/11\/thunderbird-A.png\"><\/video>\n\t\t\t\t<\/div>\n\t\t\t\t\t\t<\/div>\n\t\t\t\t<\/div>\n\t\t\t\t<div class=\"elementor-element elementor-element-417789b elementor-widget elementor-widget-text-editor\" data-id=\"417789b\" data-element_type=\"widget\" data-widget_type=\"text-editor.default\">\n\t\t\t\t<div class=\"elementor-widget-container\">\n\t\t\t\t\t\t\t\t\t<p>Dup\u0103 accesarea butonului\u00a0<span style=\"color: #ff0000;\">Done<\/span>, clientul de mail va \u00eencepe s\u0103 \u00eencarce mesajele de pe serverul mail.uaic.ro.<\/p>\n<p>\u00cen cazul \u00een care \u00eent\u00e2mpina\u021bi erori pe parcursul ad\u0103ug\u0103rii contului, pute\u021bi configura \u0219i manual acest cont ca \u00een urm\u0103torul tutorial:<\/p>\t\t\t\t\t\t\t\t<\/div>\n\t\t\t\t<\/div>\n\t\t\t\t<div class=\"elementor-element elementor-element-b9d13d9 elementor-widget elementor-widget-video\" data-id=\"b9d13d9\" data-element_type=\"widget\" data-settings=\"{&quot;video_type&quot;:&quot;hosted&quot;,&quot;loop&quot;:&quot;yes&quot;,&quot;controls&quot;:&quot;yes&quot;}\" data-widget_type=\"video.default\">\n\t\t\t\t<div class=\"elementor-widget-container\">\n\t\t\t\t\t\t\t<div class=\"e-hosted-video elementor-wrapper elementor-open-inline\">\n\t\t\t\t\t<video class=\"elementor-video\" src=\"https:\/\/dcd.uaic.ro\/wp-content\/uploads\/2022\/11\/confgurare-manuala-utilizator-thunderbird.mp4\" loop=\"\" controls=\"\" preload=\"metadata\" controlsList=\"nodownload\" poster=\"https:\/\/dcd-new.uaic.ro\/wp-content\/uploads\/2022\/11\/thunderbird-M.png\"><\/video>\n\t\t\t\t<\/div>\n\t\t\t\t\t\t<\/div>\n\t\t\t\t<\/div>\n\t\t\t\t\t<\/div>\n\t\t<\/div>\n\t\t\t\t\t<\/div>\n\t\t<\/section>\n\t\t\t\t<\/div>\n\t\t<div class=\"gsp_post_data\" data-post_type=\"page\" data-cat=\"\" data-modified=\"120\" data-title=\"Thunderbird\" data-home=\"https:\/\/dcd.uaic.ro\"><\/div>","protected":false},"excerpt":{"rendered":"<p>\u00cen acest tutorial sunt descri\u0219i pa\u0219ii privind configurarea clientului de e-mail Mozilla Thunderbird. Mesajele vor fi preluate automat, prin intermediul protocolului IMAP, de pe serverul de mail al Universit\u0103\u021bii \u201cAlexandru Ioan Cuza\u201d din Ia\u0219i, mail.uaic.ro, pe calculatorul dumneavoastr\u0103. Programul Mozilla Thunderbird se poate desc\u0103rca de la pagina https:\/\/www.thunderbird.net\/en-US\/thunderbird\/all\/#R. Dup\u0103 desc\u0103rcare, acesta se instaleaz\u0103 pe calculatorul [&hellip;]<\/p>\n","protected":false},"author":1,"featured_media":0,"parent":1000,"menu_order":3,"comment_status":"closed","ping_status":"closed","template":"","meta":{"footnotes":""},"class_list":["post-992","page","type-page","status-publish","hentry"],"_links":{"self":[{"href":"https:\/\/dcd.uaic.ro\/index.php?rest_route=\/wp\/v2\/pages\/992","targetHints":{"allow":["GET"]}}],"collection":[{"href":"https:\/\/dcd.uaic.ro\/index.php?rest_route=\/wp\/v2\/pages"}],"about":[{"href":"https:\/\/dcd.uaic.ro\/index.php?rest_route=\/wp\/v2\/types\/page"}],"author":[{"embeddable":true,"href":"https:\/\/dcd.uaic.ro\/index.php?rest_route=\/wp\/v2\/users\/1"}],"replies":[{"embeddable":true,"href":"https:\/\/dcd.uaic.ro\/index.php?rest_route=%2Fwp%2Fv2%2Fcomments&post=992"}],"version-history":[{"count":12,"href":"https:\/\/dcd.uaic.ro\/index.php?rest_route=\/wp\/v2\/pages\/992\/revisions"}],"predecessor-version":[{"id":6320,"href":"https:\/\/dcd.uaic.ro\/index.php?rest_route=\/wp\/v2\/pages\/992\/revisions\/6320"}],"up":[{"embeddable":true,"href":"https:\/\/dcd.uaic.ro\/index.php?rest_route=\/wp\/v2\/pages\/1000"}],"wp:attachment":[{"href":"https:\/\/dcd.uaic.ro\/index.php?rest_route=%2Fwp%2Fv2%2Fmedia&parent=992"}],"curies":[{"name":"wp","href":"https:\/\/api.w.org\/{rel}","templated":true}]}}